-3). What is m(f)?
-65
Let x(v) be the third derivative of v**5/60 - 3*v**4/4 + 7*v**3 - v**2 - 12. What is x(16)?
10
Let x(n) be the second derivative of n**5/20 + n**4/6 - n**3/6 + n**2/2 - 948*n + 2. Suppose -2*y + 7*y + 10 = 0. Calculate x(y).
3
Let n(d) = 5*d**2 - 8*d - 6. Let s(h) = -9*h**2 + 15*h + 11. Let o = -43 + 36. Let m(i) = o*n(i) - 4*s(i). Let q be 2*(32/(-40))/((-4)/10). Calculate m(q).
-2
Let s(o) be the second derivative of o**4/12 - 2*o**3/3 - o**2 - o. Let b be 1*10/65 - 1831/(-13). Let w = 146 - b. Determine s(w).
3
Let k(b) = -b**2 - 5*b + 1. Let d(x) = 2*x**3 + 9*x**2 - 8*x - 11. Let s be d(-5). Let o(j) = 16*j - 70. Let g be o(s). Calculate k(g).
-5
Let b(l) be the third derivative of -l**6/120 - l**5/60 - l**4/24 - l**3/3 - 148*l**2 - 3. Suppose -i - 36 = -34. What is b(i)?
4
Let v(m) be the first derivative of m**3/3 + 6*m**2 - 26*m + 1196. What is v(-15)?
19
Let j(w) = -w**3 + w**2 - 6*w + 2. Let f be (14/(-7) - -2)/(-2 + -3). Let q be j(f). Let z(s) = -s**3 + 3*s**2 - s. Determine z(q).
2
Let n(s) = -5*s + 197. Let w(z) = -192. Let y(m) = 2*n(m) + 3*w(m). What is y(-18)?
-2
Let y(j) be the second derivative of 1/6*j**3 - 1 - 9/2*j**2 - 1/20*j**5 - 30*j + j**4. What is y(12)?
3
Let o(j) = 134*j - 51*j + 15 - 2*j**2 - 38*j - 45*j. Determine o(8).
-113
Suppose h = -31*h - 512. Let l(s) = -s**3 - 17*s**2 - 19*s - 21. Give l(h).
27
Let b(f) = -47*f**2 + 13*f + 4. Let l(k) = 66*k**2 - 19*k - 6. Let q(t) = 7*b(t) + 5*l(t). Let i = 18 + -16. Suppose i*s - 3*s = -3. Give q(s).
-5
Let w(t) = 1047*t + 89. Let l(f) = 381*f + 30. Let v(g) = -11*l(g) + 4*w(g). Give v(-2).
32
Let g(a) be the second derivative of -a**5/20 - a**4 + 7*a**3/6 - 19*a**2/2 - 32*a + 3. Give g(-13).
59
Let f be (-1)/((-30)/(-24)*-4 - -4). Let k(t) be the second derivative of -3*t**5/20 - t**4/12 + t**3/3 - t**2/2 - 29*t. What is k(f)?
-3
Let b(x) = x + 1. Let i be 394/26 + (-154)/1001. Suppose i*r + 31*r = 506. What is b(r)?
12
Let t be (-240)/(-7) - 88/308. Let l(j) be the second derivative of 0 + 0*j**2 + 1/2*j**3 - 1/6*j**4 - t*j. Give l(2).
-2
Let o(n) be the first derivative of n**4/4 - 2*n**3 + n**2 - 26*n - 1347. Determine o(6).
-14
Suppose 36 = -3*a + 30. Let v be a + 8 - 2 - (-90)/30. Let w(b) = -b + 12. Give w(v).
5
Let r(w) = -w + 1. Suppose 4*q = -3*u + 12, -5*q + 15 = -2*u - 0*u. Let o be q + 0 - 60/6. Let y be (7/o)/(((-10)/(-16))/5). What is r(y)?
9
Let t(i) = i**3 - 22*i**2 - 4*i + 5. Let w(x) = -x**2 - 387*x - 1888. Let s be w(-5). Determine t(s).
-83
Let z(q) = -2*q**2 + 4*q - 4. Suppose 21*l - 14*l = 0. Suppose 0 = -5*p + 15 - l. What is z(p)?
-10
Let z(g) = 18*g - 136. Let p(n) = -4*n + 39. Let q(m) = 4*p(m) + z(m). Let o be (24/(-10))/(1/5). Calculate q(o).
-4
Suppose 2707*s = 2836*s + 516. Let f(m) be the first derivative of -5*m**2 - m - 1. What is f(s)?
39
Let u(w) = 12*w + 96. Let v be u(-9). Let r(k) = -k**3 - 12*k**2 - k - 24. Give r(v).
-12
Let b = -341 - -345. Let a(k) = -b*k - 9 + 7 + 6*k. Calculate a(6).
10
Let t(a) be the third derivative of 1/60*a**5 + 60*a**2 + 0*a + 0 - 1/6*a**3 - 1/8*a**4. Let v be ((-24)/(-15))/(4/10). Determine t(v).
3
Suppose -3*b + 0*b + 32 = -5*w, -3*w = 3*b + 24. Let o be -3 + (1/w - (-174)/42). Let u(i) = -i**2 - 7*i - 10*i + 7*i + o. Give u(-5).
26
Let w = 91 + -88. Suppose 21 = -3*t + w. Let i(a) = 3*a + 6. Let l(o) = 15*o + 30. Let g(v) = -24*i(v) + 5*l(v). What is g(t)?
-12
Let t(m) = -122*m**3 + 25*m**2 - 43*m - 12. Let k(c) = -244*c**3 + 48*c**2 - 83*c - 23. Let j(a) = -14*k(a) + 27*t(a). Give j(1).
124
Suppose i + 31*c - 26*c + 9 = 0, 0 = -4*i - 3*c - 2. Let k(o) = 5*o**3 + 8*o**2 - 9*o. Determine k(i).
4
Suppose 5*x + 19 + 11 = 0. Let s be (x/(-4))/((-12)/(-56)). Let q(p) be the second derivative of -p**5/20 + 7*p**4/12 + p**3/6 + 5*p**2 + 634*p. Calculate q(s).
17
Let z(j) be the second derivative of j**5/20 + 4*j**4/3 + 10*j**3/3 + 9*j**2/2 + 5066*j. Calculate z(-14).
121
Let b(r) = r + r**3 + 71*r**2 + 31 - 30*r**2 - 68*r**2 + 50*r**2. Give b(-23).
8
Let q(x) = -333*x**2 - 11*x + 349*x**2 - 4 - 32. Let i(t) = 3*t**2 - 2*t - 7. Let y(p) = 11*i(p) - 2*q(p). Give y(3).
4
Let w(k) = -k**2 + 8 - 9*k - 9*k + 13*k. Let t = -41 - -46. Suppose -13 = -t*j - 43. Give w(j).
2
Let g(x) be the third derivative of x**4/12 - x**3/3 - 31*x**2. Let m = 35 + -31. Calculate g(m).
6
Let r(x) = -52 - 29*x + 462*x**3 + 23*x**2 - 260*x**3 - 201*x**3. Give r(-24).
68
Let p(k) = k**3 + k**2 - 4*k - 2. Suppose -6*s + g = -2*s - 65, -2*s + 4*g = -50. Suppose -9*c + s = -4*c. Suppose -7 = -c*w - 16. Calculate p(w).
-8
Suppose -8*q - 72165 = -72229. Let y(s) = -s**2 + 9*s - 6. Give y(q).
2
Let m(g) = -332 + 569 - 266 + 14*g - g**2. What is m(9)?
16
Let g(i) = -131*i + 8*i**2 + i**3 + 7 - 44*i + 206*i + 25*i**2. Determine g(-32).
39
Suppose -3*w = -1575 - 318. Let t = 626 - w. Let l(f) = f**2 + 8*f + 5. Give l(t).
-10
Suppose -27 - 15 = -7*u. Let w(i) = i**3 - 8*i**2 + 14*i + 3. Give w(u).
15
Let c = -100 + 107. Let i(s) = 2*s**2 - 14*s + 1. Let h be i(c). Let d(k) = -14*k**3 + k. Calculate d(h).
-13
Let s = 79 - 73. Let g be 3/90*5 - (-11)/s. Suppose 0 = 4*b - j - 29, 37 = g*b + 3*b - 2*j. Let i(t) = -t**2 + 7*t + 5. What is i(b)?
5
Let l(w) = 3 + 21 - 40 - 4*w - 3*w**2 + 4*w**2 + 11. Calculate l(-2).
7
Let b(n) = 9*n + 175. Suppose 12*l - 7*l - 2220 = 116*l. Calculate b(l).
-5
Let p(y) = -35*y**2 - 28 - 32*y**2 - 32*y - 32*y**2 + 33*y + 100*y**2. Give p(-5).
-8
Suppose 3*o + 2*o + 9 = n, -4*n = -4*o - 116. Let z(x) = -x**2 + 35*x - 51. What is z(n)?
-17
Let v be -1*(-9 - (-70)/(-7)). Let u(d) = d**3 - d + 2. Let i be u(0). Let h(n) = -i*n - 11 + 3 + v + n. Determine h(8).
3
Let g(k) = k**3 + 10*k**2 - 1. Let f = 1 - -13. Let n be (-134)/f - (150/(-42) - -4). Determine g(n).
-1
Suppose -v = -55 + 11. Suppose 6*m + 20 - v = 0. Let s(i) be the third derivative of -i**6/120 + i**5/15 + i**4/12 - i**3/3 - i**2. Give s(m).
6
Let g(k) be the third derivative of k**7/2520 - k**6/90 + 7*k**5/120 - 89*k**4/24 + 66*k**2. Let c(l) be the second derivative of g(l). What is c(7)?
0
Let y(m) = 2*m**2 - 3*m. Suppose -3*l + 8 = -4*s, -2*s + 1 = -s. Let w(z) = -8*z**2 - 3*z - l*z + 4*z + 9*z**2. Let q(i) = 3*w(i) - 2*y(i). What is q(-3)?
0
Let v(a) = -2*a + 15. Let o(b) = 3*b - 16. Let q(w) = 5*o(w) + 6*v(w). Let r(z) = z**2 + 106*z + 686. Let d be r(-7). Determine q(d).
-11
Let b(g) = 2*g**2 + 71*g + 26. Let h be 2*(5 + (-9 - (378/(-4))/(-7))). Give b(h).
-9
Let g(m) = -m**3 + 5*m**2 + 4*m + 3. Let l be -14 + 29 - (6 - (3 - 6)). Give g(l).
-9
Suppose 0 = g - 4*z - 12, 4*g - 24 = 2*g + 3*z. Let v(o) = -4 + g + 2*o + o - 11. What is v(-5)?
-18
Let z(d) be the second derivative of -4*d**3/3 - d**2 - 2*d + 25. Give z(2).
-18
Suppose 0 = -22*s - 0*s - 135 - 173. Let d(h) = -4*h - 31. Determine d(s).
25
Let w(p) = 347*p - 150*p - 188*p + 438. What is w(-48)?
6
Let u(h) = 3*h**2 + 70*h + 12. Let j be u(-23). Let a(m) = -4*m - 6. What is a(j)?
38
Let d(z) be the first derivative of 7 - z + 1/2*z**2. Suppose -5*r = -2*r + 18. Calculate d(r).
-7
Suppose 54*a + 6*a = 240. Let y(q) = 12*q**2 + 7*q + 6. Let n(r) = -7*r**2 - 3*r - 3. Let t(f) = a*y(f) + 7*n(f). Determine t(6).
9
Let h(b) = -8*b - 4. Let i be h(0). Let c(q) = 4*q + 11. Let n(v) = -4*v - 9. Let a(t) = i*c(t) - 5*n(t). Calculate a(8).
33
Let b(y) = y**3 - 5*y**2 - 7*y + 12. Let x(s) = 2*s**2 - 107*s - 978. Let d be x(-8). Give b(d).
6
Let c(j) = -j**3 - 12*j**2 - 11*j + 7. Let d(y) = 7*y + 38 + 21*y + 211*y**2 - 208*y**2. Let l be d(-7). Give c(l).
7
Suppose 21*b = 28 - 133. Let q be -6 - (-3 - 5/b). Let g(u) = u**3 + 6*u**2 + 4*u + 2. Give g(q).
18
Suppose 0 = 3*p + b - 23, 26 = -116*p + 118*p - 2*b. Let n(g) = -g**3 + 11*g**2 - 19*g - 6. Give n(p).
-15
Let t(y) = -9*y - 8*y - 15*y - 6*y + 3 + 4*y. Determine t(1).
-31
Let c(j) = -1787 - j**3 - 2*j + 1779 - 6*j**2 - 6*j. Give c(-5).
7
Let g(f) = -5676*f - 10 + 5677*f + 9. Calculate g(-1).
-2
Let b(l) = l**3 + 6*l**2 + 5*l + 1. Let p be b(-5). Let f be (-24)/(-300) - 2/25. Let a(m) = -2*m + f - 9*m + m**3 - p + 2*m + 5*m**2. Determine a(-6).
17
Let m(i) = 30 + 9*i**2 - 8*i**2 + 49*i + 48*i - 171*i + 55*i. Calculate m(16).
-18
Let y = 3353 - 3350. Let n(u) = -39*u + 13. Calculate n(y).
-104
Let y(c) = -2381*c + 2 + 5 + 2369*c +